hat is the greatest common divisor of q and 1261?
13
Let y(m) = 3*m**2 - 6*m - 23. Let a be y(5). Calculate the greatest common factor of 44 and a.
22
Let j be (-2)/3*75/(-2). Let s = 34 - j. Let i(a) = -a**2 + 11*a + 3. Let q be i(s). Calculate the greatest common divisor of q and 105.
21
Let r be (-41)/(-2)*(2 + -4). Let n = -31 - r. Calculate the highest common factor of 50 and n.
10
Let w be (-8)/6*(-3)/2. Let h be 15 + w + 0 + -1. Let l(s) = s**3 - 12*s**2 + 13*s - 14. Let p be l(11). What is the greatest common factor of p and h?
8
Let n = -659 - -715. Calculate the highest common factor of n and 28.
28
Let q = 467 - 460. Calculate the highest common divisor of 679 and q.
7
Let w be 12/(-10)*(-160)/48. Suppose w*a - 20 = -a - z, 5*a - z = 10. Calculate the greatest common divisor of 15 and a.
3
Let s be ((-21)/9)/((-26)/1092). What is the highest common factor of s and 931?
49
Let j be 8*5 + 0/7. Suppose 4*f - 8 - j = -4*y, -3*y + 4*f = -50. Let k(b) = b**2 - 3*b - 14. Let c be k(10). Calculate the highest common divisor of c and y.
14
Let t(z) = 2*z**2 + 48*z + 397. Let x be t(-16). What is the highest common divisor of x and 799?
47
Suppose 2*m - 7*m + 5 = 0, 4*l - 2*m - 6 = 0. Suppose -l*n + 3*n = 0. Suppose r + r - 14 = n. Calculate the highest common factor of r and 63.
7
Suppose -o = 7 + 7. Let p = o - -28. Calculate the highest common factor of p and 98.
14
Suppose -2*u + 5*u - 6 = 0. Suppose u*c - 50 = 56. Let l = c + -23. Calculate the greatest common factor of l and 6.
6
Suppose -7 = -6*g - g. Let t be (4/6)/(-4*g/(-30)). Calculate the highest common divisor of t and 5.
5
Let x be -6*(-2)/(-8)*-26. Let v be ((-12)/(-18))/(1/3). Let s be 1/((-50)/26 + v). What is the highest common divisor of s and x?
13
Suppose 2*v - 225 = -5*m + 65, 4*m - 209 = 3*v. Suppose -2*t + 7*t - 10 = 0. Let o be m + (0/(-3) - t). What is the greatest common divisor of o and 9?
9
Suppose 0 = -113*n + 112*n + 434. What is the highest common factor of 372 and n?
62
Suppose -11 = 3*d - 4*g, -5*g = -3*d + 2*d - 22. Let c be (-1)/(0 + (-1)/d). Let i be (c/4)/(6/48). Calculate the highest common divisor of 12 and i.
6
Let a(n) = -3*n. Let s be a(-5). Suppose 0 = 3*b - 0*b - s. Suppose -3*j = 5*o - 90, 8*o + 190 = b*j + 3*o. What is the greatest common factor of 14 and j?
7
Let t = -32 + 60. Suppose -2*w - t = -3*w. Suppose w = 6*o - 2*o + i, 2*i = -o. What is the greatest common factor of 4 and o?
4
Let p(w) = -5*w - 27. Let f be p(-11). Suppose 0 = 3*z + 2*n - 0*n - f, -z + 2*n + 20 = 0. Let q = 22 + 8. What is the highest common factor of q and z?
6
Let i = 15 - 7. Suppose 0*o + i = 2*o. Suppose o*j - 66 = 6. What is the greatest common divisor of 72 and j?
18
Let x be (21/28)/(2/(-16)). Let j be x*(-2)/9*12. Let l be 0*4/j + 7. Calculate the greatest common divisor of l and 14.
7
Suppose k + 4 = 3*q, -k - 2*q = 2*k + 12. Let h be 10/35*(-14)/k. Calculate the greatest common divisor of h and 1.
1
Let p = 1373 + 1921. What is the greatest common divisor of 54 and p?
54
Suppose 9*x - 1816 = 1244. Calculate the highest common divisor of x and 40.
20
Let x(r) = r**3 - 4*r**2 + 3*r + 1. Let g be x(3). Suppose 0*d = -3*j + d + 19, 3*d - 3 = -3*j. Calculate the greatest common factor of j and g.
1
Suppose 4*h = 6*h + 6, -2*h = -5*r + 11. Let b = 2 + r. Suppose b*t - t - 96 = 0. What is the greatest common factor of 16 and t?
16
Suppose u + 5*p = -2*u + 1114, 2*p + 1836 = 5*u. Calculate the highest common divisor of u and 46.
46
Suppose -3*j - 18 = i - 55, 0 = -3*j + 3. Let t = 41 - i. What is the greatest common factor of 1 and t?
1
Let a(j) = j + 13. Let p be a(5). Let i = 0 - -45. What is the greatest common factor of p and i?
9
Suppose -4*j - c + 95 = -6*c, j - 2*c = 26. Let p = 192 - j. Calculate the highest common divisor of 43 and p.
43
Let n(r) = -22*r - 46. Let o = -32 + 28. Let w be n(o). Calculate the highest common factor of 14 and w.
14
Let b(o) = 5*o - 7. Let t be b(6). Let u = 37 - t. Let l(s) = -s**2 - 9*s - 4. Let c be l(-6). Calculate the highest common factor of c and u.
14
Suppose 0 = 3*f + 4*v + 417 - 1562, 2*v + 1115 = 3*f. Calculate the greatest common divisor of 120 and f.
15
Let w(o) = 6*o + 15 - 4*o - o. Let c be w(8). Suppose v + v = 184. Calculate the highest common divisor of v and c.
23
Suppose -3*d = 2*d - 100. What is the highest common divisor of d and 40?
20
Suppose w + 5*l - 127 = 0, w + 0*l - 121 = -3*l. Suppose 5*z - 12 = -2*j + 60, -5*j - 51 = -4*z. What is the greatest common factor of z and w?
14
Let n = 2943 - 1294. Calculate the greatest common divisor of n and 97.
97
Let n(x) = -30*x + 375. Let w be n(11). Calculate the highest common divisor of w and 225.
45
Let n = 48 + -20. Suppose 5*s + 3 = n. Calculate the highest common factor of 45 and s.
5
Let g be (4/3)/(-2)*(-81 + 66). Calculate the highest common factor of 160 and g.
10
Suppose -2*i = -c + 2, 3*c - 30 = -2*c + 5*i. Let l be 212/7 + (-2)/7. Calculate the greatest common factor of l and c.
10
Let p be (14 + (-282)/9)*(-3)/2. Let z = 32 - 19. What is the greatest common factor of z and p?
13
Let t(y) = -y**3 - 12*y**2 - 11*y - 34. Let f be t(-12). Suppose 2*w + 3*w - 70 = 0. Calculate the greatest common divisor of w and f.
14
Let d = 2012 - 1946. What is the highest common divisor of 231 and d?
33
Let j(i) = i + 9. Let t be j(-6). Suppose t*d - 5*x - 22 = -0*d, -4*x + 49 = 5*d. Calculate the highest common factor of 9 and d.
9
Suppose 2*s - 9 = 29. Let c(b) = b**3 - 15*b**2 + 3*b + 50. Let g be c(15). What is the highest common factor of g and s?
19
Suppose 5*a - 2*c - 2236 = 0, 7 = c + 5. What is the highest common factor of a and 14?
14
Let j be 3/1*(9 + -2). Let w(c) = 2*c**2 - 6*c - 19. Let f be w(-4). Let u = f - j. Calculate the greatest common factor of u and 8.
8
Suppose -4*g + 11*g = 21. Let o = -29 - -45. Suppose -o = -b - h, 2*b - b = -2*h + 11. Calculate the greatest common factor of g and b.
3
Suppose -2 = 2*j, -10*h - 271 = -11*h + j. Calculate the greatest common divisor of h and 10.
10
Let g(x) = -x**2 + 11*x + 122. Let y be g(17). Calculate the greatest common divisor of 152 and y.
4
Suppose 12084 = -100*r + 153*r. What is the greatest common factor of r and 114?
114
Let v(g) = 2*g + 58. Let p be v(-24). Suppose 12*y - 2*y = p. Calculate the greatest common factor of 16 and y.
1
Let w be 2/4 - 2090/44. Let m = -35 - w. Calculate the highest common factor of 120 and m.
12
Let j = -6 + -8. Let s = j - -19. Calculate the highest common factor of 2 and s.
1
Let a be 2/15 + (-17)/15. Let v(y) = -19*y + 1. Let g be v(a). Calculate the highest common divisor of g and 50.
10
Suppose 16*t - 18*t = -86. What is the highest common factor of t and 1075?
43
Suppose 5*w = 24*i - 29*i + 205, -4*i + 2*w = -164. Let y be 4/(-14) - (-289)/7. What is the highest common divisor of y and i?
41
Let m(p) = p**2 - 5*p**3 + 9 + 2*p - 2*p + 4*p**3 - p. Let t be m(0). Suppose t*u - 24 = 8*u. Calculate the greatest common factor of 60 and u.
12
Suppose -14*q + 6 = -13*q. Let g be (-6)/(-8)*(q - 2). Suppose -3*d + 7 = 2*i, 0 = -6*d + 3*d + 3. Calculate the highest common divisor of i and g.
1
Let o be 147/2*(16/(-12) + 2). Suppose t = -6*t + o. What is the greatest common divisor of t and 7?
7
Let d = -142 - -154. What is the highest common divisor of d and 48?
12
Suppose 3*s + 154 = 4*d, d + 2*d = 2*s + 116. Calculate the greatest common factor of d and 64.
8
Let x(g) = 11*g + 7. Let u = -12 - -15. Let c be x(u). Calculate the greatest common divisor of 5 and c.
5
Let c(k) = -7*k + 43. Let r be c(-8). Calculate the greatest common divisor of r and 66.
33
Let m(b) = -b + 8. Let l be m(6). Let n be (33/3)/(-5 - (-5 - 1)). Suppose s - 14 = x - l*s, 2*s - n = -x. Calculate the greatest common divisor of x and 3.
1
Let t(r) = 11 - 1 - 9*r - 14*r. Let x be t(-9). Calculate the greatest common divisor of x and 31.
31
Let n(v) = v**3 + 5*v**2 + 3*v + 3. Let u(f) = f**2 + 8*f + 13. Let q be u(-5). Let k be n(q). Calculate the highest common factor of 99 and k.
9
Let m be 2 + 334 - (3 + (-1 - 7)). What is the highest common divisor of m and 11?
11
Suppose -4*b = -8 - 8. Let h(m) = -b*m - 2*m + 5*m + 8 + 18. Let i be h(14). What is the highest common divisor of i and 30?
6
Let t(r